23
What is the remainder when 65178 is divided by 65173?
5
Calculate the remainder when 3483 is divided by 253.
194
What is the remainder when 26928 is divided by 8960?
48
Calculate the remainder when 162668 is divided by 97.
96
What is the remainder when 7324 is divided by 406?
16
What is the remainder when 57197 is divided by 274?
205
Calculate the remainder when 16728 is divided by 771.
537
What is the remainder when 23431 is divided by 57?
4
What is the remainder when 6454 is divided by 769?
302
Calculate the remainder when 55152 is divided by 35.
27
What is the remainder when 122071 is divided by 65?
1
What is the remainder when 679467 is divided by 135892?
7
What is the remainder when 19475 is divided by 2450?
2325
What is the remainder when 4644 is divided by 136?
20
What is the remainder when 2890 is divided by 713?
38
What is the remainder when 482515 is divided by 2331?
2329
Calculate the remainder when 5501 is divided by 288.
29
What is the remainder when 18684 is divided by 89?
83
Calculate the remainder when 3381 is divided by 21.
0
Calculate the remainder when 44702 is divided by 13.
8
Calculate the remainder when 10084 is divided by 177.
172
Calculate the remainder when 117266 is divided by 16744.
58
What is the remainder when 22497 is divided by 375?
372
What is the remainder when 9176 is divided by 985?
311
Calculate the remainder when 5611 is divided by 14.
11
Calculate the remainder when 10926 is divided by 1559.
13
What is the remainder when 7298 is divided by 802?
80
Calculate the remainder when 492260 is divided by 7347.
11
What is the remainder when 658291 is divided by 55?
51
What is the remainder when 321611 is divided by 48?
11
Calculate the remainder when 4527 is divided by 2258.
11
Calculate the remainder when 3200 is divided by 639.
5
What is the remainder when 6947 is divided by 256?
35
Calculate the remainder when 8689 is divided by 792.
769
What is the remainder when 1699 is divided by 62?
25
What is the remainder when 14800 is divided by 906?
304
What is the remainder when 5006 is divided by 85?
76
Calculate the remainder when 20788 is divided by 67.
18
Calculate the remainder when 2571 is divided by 333.
240
Calculate the remainder when 525632 is divided by 59.
1
Calculate the remainder when 40856 is divided by 5.
1
What is the remainder when 5260 is divided by 7?
3
What is the remainder when 347381 is divided by 14?
13
Calculate the remainder when 92215 is divided by 20.
15
What is the remainder when 13150 is divided by 2628?
10
What is the remainder when 6627 is divided by 221?
218
What is the remainder when 656320 is divided by 32?
0
What is the remainder when 689 is divided by 97?
10
Calculate the remainder when 3239 is divided by 407.
390
What is the remainder when 1291 is divided by 24?
19
Calculate the remainder when 1228 is divided by 48.
28
Calculate the remainder when 231348 is divided by 25.
23
Calculate the remainder when 12356 is divided by 252.
8
What is the remainder when 548147 is divided by 68516?
19
What is the remainder when 15339 is divided by 56?
51
What is the remainder when 7677 is divided by 910?
397
What is the remainder when 17330 is divided by 2157?
74
Calculate the remainder when 20844 is divided by 14.
12
Calculate the remainder when 1810 is divided by 835.
140
What is the remainder when 915550 is divided by 18?
16
What is the remainder when 14507 is divided by 2013?
416
What is the remainder when 290962 is divided by 62?
58
Calculate the remainder when 29845 is divided by 82.
79
What is the remainder when 121982 is divided by 17?
7
Calculate the remainder when 16449 is divided by 64.
1
Calculate the remainder when 119224 is divided by 828.
820
Calculate the remainder when 69543 is divided by 108.
99
Calculate the remainder when 1510 is divided by 610.
290
What is the remainder when 55487 is divided by 27733?
21
Calculate the remainder when 5784 is divided by 1925.
9
Calculate the remainder when 11263 is divided by 756.
679
What is the remainder when 363438 is divided by 40?
38
Calculate the remainder when 26208 is divided by 6549.
12
Calculate the remainder when 67906 is divided by 8488.
2
Calculate the remainder when 2508 is divided by 2233.
275
Calculate the remainder when 53133 is divided by 82.
79
Calculate the remainder when 4408 is divided by 1101.
4
What is the remainder when 26258 is divided by 6563?
6
What is the remainder when 191357 is divided by 587?
582
What is the remainder when 7192 is divided by 20?
12
What is the remainder when 6696 is divided by 176?
8
What is the remainder when 1072166 is divided by 171?
167
What is the remainder when 20260 is divided by 2023?
30
What is the remainder when 240 is divided by 46?
10
What is the remainder when 1341 is divided by 640?
61
Calculate the remainder when 9603 is divided by 2637.
1692
Calculate the remainder when 15030 is divided by 4683.
981
Calculate the remainder when 66613 is divided by 3026.
41
Calculate the remainder when 4571 is divided by 4532.
39
What is the remainder when 130361 is divided by 18?
5
What is the remainder when 33725 is divided by 30?
5
Calculate the remainder when 676526 is divided by 761.
758
Calculate the remainder when 4712 is divided by 126.
50
What is the remainder when 354 is divided by 77?
46
What is the remainder when 3525 is divided by 293?
9
What is the remainder when 13544 is divided by 1504?
8
Calculate the remainder when 1084 is divided by 232.
156
Calculate the remainder when 1140 is divided by 179.
66
Calculate the remainder when 7667 is divided by 20.
7
What is the remainder when 43930 is divided by 268?
246
What is the remainder when 877008 is divided by 109624?
16
What is the remainder when 1662 is divided by 105?
87
What is the remainder when 68754 is divided by 249?
30
Calculate the remainder when 14099570 is divided by 2308.
2306
What is the remainder when 12565 is divided by 184?
53
What is the remainder when 2807 is divided by 18?
17
Calculate the remainder when 57629 is divided by 678.
677
What is the remainder when 67281 is divided by 84?
81
What is the remainder when 732828 is divided by 38?
36
Calculate the remainder when 7935 is divided by 24.
15
Calculate the remainder when 62290 is divided by 62266.
24
Calculate the remainder when 7390 is divided by 153.
46
What is the remainder when 2230 is divided by 24?
22
What is the remainder when 4956 is divided by 176?
28
Calculate the remainder when 12685 is divided by 12652.
33
What is the remainder when 121864 is divided by 30462?
16
What is the remainder when 19503 is divided by 4725?
603
Calculate the remainder when 16701 is divided by 21.
6
What is the remainder when 251492 is divided by 63?
59
What is the remainder when 9034 is divided by 31?
13
What is the remainder when 11001 is divided by 1229?
1169
Calculate the remainder when 874 is divided by 42.
34
What is the remainder when 226626 is divided by 39?
36
What is the remainder when 16227 is divided by 16207?
20
Calculate the remainder when 537898 is divided by 330.
328
Calculate the remainder when 10918 is divided by 1400.
1118
What is the remainder when 4199 is divided by 299?
13
What is the remainder when 10785 is divided by 54?
39
Calculate the remainder when 1976 is divided by 1811.
165
What is the remainder when 2075 is divided by 138?
5
What is the remainder when 8047 is divided by 197?
167
Calculate the remainder when 3766 is divided by 162.
40
Calculate the remainder when 163778 is divided by 12597.
17
Calculate the remainder when 586 is divided by 94.
22
What is the remainder when 1437537 is divided by 12?
9
What is the remainder when 826 is divided by 424?
402
What is the remainder when 78450 is divided by 27?
15
What is the remainder when 567019 is divided by 403?
401
Calculate the remainder when 878 is divided by 86.
18
Calculate the remainder when 35034 is divided by 3890.
24
Calculate the remainder when 2752 is divided by 61.
7
What is the remainder when 182560 is divided by 68?
48
Calculate the remainder when 10778 is divided by 3581.
35
Calculate the remainder when 82640 is divided by 1312.
1296
Calculate the remainder when 16223 is divided by 4025.
123
What is the remainder when 40845 is divided by 20420?
5
What is the remainder when 65399 is di